{"id":155,"date":"2020-09-12T10:29:38","date_gmt":"2020-09-12T13:29:38","guid":{"rendered":"https:\/\/www.evolvikbrasil.com.br\/loja-brasil\/?post_type=product&#038;p=155"},"modified":"2026-03-19T05:30:16","modified_gmt":"2026-03-19T08:30:16","slug":"weight-vest","status":"publish","type":"product","link":"https:\/\/www.evolvikbrasil.com.br\/loja-brasil\/produto\/weight-vest\/","title":{"rendered":"COLETE PONDERADOR"},"content":{"rendered":"<p>WEIGHT VEST &#8211; COLETE DE PESO<br \/>\n\u00c9 um colete vers\u00e1til e de f\u00e1cil manuseio, com seis bolsos internos que s\u00e3o usados para coloca\u00e7\u00e3o de pesos dependendo da necessidade de cada paciente, possui tr\u00eas aberturas, duas em velcro na lateral ajustadas a cada tipo de corpo e uma abertura frontal com bot\u00f5es.<\/p>\n<p>Pode ser usada em qualquer situa\u00e7\u00e3o do cotidiano ou em terapias. Auxiliam na organiza\u00e7\u00e3o somato sensorial.<\/p>\n<p>Cada colete vem com 6 pacotes de pesos. Quatro pacotes de 100g e dois pacotes de 200g. O peso do colete deve ser orientado por um profissional qualificado, mas geralmente corresponde de 5% a 10% do valor do peso do paciente.<\/p>\n<ul>\n<li>O uso frequente e gradual do weight vest proporciona:<\/li>\n<li>Melhora na resposta somato-sensorial;<\/li>\n<li>Diminui\u00e7\u00e3o gradativa de estereotipias;<\/li>\n<li>Aumento de concentra\u00e7\u00e3o cognitiva.<\/li>\n<\/ul>\n<p>&nbsp;<\/p>\n<blockquote><p>Este produto \u00e9 contraindicado para paciente com doen\u00e7as cardiovasculares graves, refluxo grave ou convuls\u00f5es n\u00e3o controladas.<\/p><\/blockquote>\n<p>&nbsp;<\/p>\n<ul>\n<li><strong>TAMANHOS<\/strong><br \/>\nP, M e G<\/li>\n<\/ul>\n<blockquote><p>Para informa\u00e7\u00f5es completas referente as medidas, consultar nossa tabela de tamanho e orienta\u00e7\u00f5es de medi\u00e7\u00e3o.<\/p><\/blockquote>\n<p>&nbsp;<\/p>\n<ul>\n<li><strong>CORES<\/strong><br \/>\nLil\u00e1s \/ Verde \/ Azul<\/li>\n<\/ul>\n<p>&nbsp;<\/p>\n<ul>\n<li><strong>MATERIAL<\/strong><br \/>\nTecido compressivo 79% poliamida 21% elastano<\/li>\n<\/ul>\n<p>&nbsp;<\/p>\n<ul>\n<li>\n<h3><span style=\"color: #ff0000;\"><strong>PRAZO PARA ENVIO &#8211; AT\u00c9 25 DIAS DA CONFIRMA\u00c7\u00c3O DO PAGAMENTO MAIS O PRAZO DE ENTREGA DOS CORREIOS<\/strong><\/span><\/h3>\n<\/li>\n<\/ul>\n","protected":false},"excerpt":{"rendered":"<p>WEIGHT VEST<\/p>\n","protected":false},"featured_media":1083,"comment_status":"open","ping_status":"closed","template":"","meta":[],"product_cat":[20],"product_tag":[],"_links":{"self":[{"href":"https:\/\/www.evolvikbrasil.com.br\/loja-brasil\/wp-json\/wp\/v2\/product\/155"}],"collection":[{"href":"https:\/\/www.evolvikbrasil.com.br\/loja-brasil\/wp-json\/wp\/v2\/product"}],"about":[{"href":"https:\/\/www.evolvikbrasil.com.br\/loja-brasil\/wp-json\/wp\/v2\/types\/product"}],"replies":[{"embeddable":true,"href":"https:\/\/www.evolvikbrasil.com.br\/loja-brasil\/wp-json\/wp\/v2\/comments?post=155"}],"wp:featuredmedia":[{"embeddable":true,"href":"https:\/\/www.evolvikbrasil.com.br\/loja-brasil\/wp-json\/wp\/v2\/media\/1083"}],"wp:attachment":[{"href":"https:\/\/www.evolvikbrasil.com.br\/loja-brasil\/wp-json\/wp\/v2\/media?parent=155"}],"wp:term":[{"taxonomy":"product_cat","embeddable":true,"href":"https:\/\/www.evolvikbrasil.com.br\/loja-brasil\/wp-json\/wp\/v2\/product_cat?post=155"},{"taxonomy":"product_tag","embeddable":true,"href":"https:\/\/www.evolvikbrasil.com.br\/loja-brasil\/wp-json\/wp\/v2\/product_tag?post=155"}],"curies":[{"name":"wp","href":"https:\/\/api.w.org\/{rel}","templated":true}]}}